**3/2 + 7563*b**2. What is n(23)?
3
Let r(b) = 7*b + 2. Let p = -1784 - -1791. What is r(p)?
51
Let f(l) = 3*l**2 + 4*l + 3. Suppose -19 = -5*r - 9. Suppose -r*d + 18 = -4*b, 0 = -2*d + d + 5. Calculate f(b).
7
Let a(f) = -13*f + 60 - 37 - 43. What is a(-2)?
6
Let u(n) = n - 2. Let g = 164 - 249. Let j = -77 - g. Calculate u(j).
6
Let l = 6031 + -6031. Let f(n) = -15*n + 31. Calculate f(l).
31
Suppose 2*s - 2*n - 184 = -6*n, 2*s - 209 = n. Suppose 3*f + g = s, -f = 2*f - 5*g - 120. Suppose 0 = -39*i + f*i. Let k(z) = -z**2 + 31. Determine k(i).
31
Let i(x) = -4631871 + 4631871 - 4*x. What is i(-1)?
4
Let u = 14 - 20. Let y(a) = -69*a**3 - a**2 - 24*a - 8. Let t(z) = 26*z**3 + z**2 + 8*z + 3. Let i(c) = 8*t(c) + 3*y(c). Determine i(u).
12
Let m(q) = 3 - 77*q**3 + 76*q**3 + 253*q + 6*q**2 - 256*q. Determine m(6).
-15
Let p(h) be the second derivative of h**5/5 + h**4/6 + h**3/6 - 19*h**2/2 - 632*h. Calculate p(0).
-19
Let g(y) = -5*y - 14. Let i be g(-3). Let n(r) be the second derivative of 0 - 1/3*r**3 + 1/2*r**2 + 11/12*r**4 + 13*r. Calculate n(i).
10
Let f(w) be the second derivative of w**4/12 + w**3/3 - w**2 - 504*w. Calculate f(-5).
13
Let h = -267106 - -267109. Let g(o) = o**3 + 3 - 1 + 1 - 3*o**2. Calculate g(h).
3
Let o be (4 + -10 + 7)*2/3*-27. Let c(p) = -16*p - 288. Determine c(o).
0
Let w(r) = -14*r - 78. Let z be w(-6). Let u(j) = z*j + 4*j - 10*j + 4 + 2*j - 3*j. Determine u(8).
-4
Let x(q) = 5*q - 1. Let d(j) be the third derivative of -j**4 + j**3 - 2*j**2 + 4*j. Let g(i) = 3*d(i) + 14*x(i). What is g(6)?
-8
Let y = 15577/8 - 1947. Let b(h) be the third derivative of 0*h + 9*h**2 - y*h**4 + 0 + 1/3*h**3 + 1/60*h**5. What is b(2)?
0
Let v(j) = 111*j**3 + 23*j**2 - 274*j + 95. Let b(w) = -19*w**3 - 4*w**2 + 47*w - 16. Let m(d) = 35*b(d) + 6*v(d). Give m(3).
22
Suppose 219*s + 5 = 3*z + 220*s, 19 = -4*z - 5*s. Let m(g) = -g**3 + 6*g**2 - 8*g - 11. What is m(z)?
-11
Let g(c) = -4*c**2 + 9*c - 12. Let y be ((-12)/15)/(10/(-25)). Determine g(y).
-10
Let o(b) = 749 - b + 751 - 1509. Give o(2).
-11
Let n(l) be the second derivative of -5*l**3/6 - 3*l**2/2 + 2727*l. Let b = 6 + -11. Calculate n(b).
22
Let s(i) = -3*i + 3 + 1 + 4*i. Let g(y) = -2*y - 132 - 114 + 11*y. Let r be g(27). What is s(r)?
1
Let v be 6/(-9) - 10/(-15). Let r(u) = -u**2 - 7. Let y(w) = w**2 + 4*w - 1 - 4*w + 8. Let d(j) = -4*r(j) - 5*y(j). Give d(v).
-7
Let v(j) = -j**2 + 9 + 7 - 182523416*j + 182523407*j. Calculate v(-9).
16
Let k(z) = 5*z**3 - z**2 + 2*z - 1. Suppose 0 = -3*m - a + 159, -4*a = -3*a - 3. Let p = m + -52. Suppose -4*v = -p*v - 4. Give k(v).
5
Let g(c) = c**2 - c - 3. Let b(w) = w**3 - 7*w**2 - 17*w - 6. Let k = 128 + -119. Let o be b(k). Suppose l + l = o*l. What is g(l)?
-3
Let t be 42/273 + 100/26. Let f be -1 + 34/8 + (-46)/184. Suppose t*c + 5*n = f*c, 5*n + 20 = -5*c. Let h(z) = z**2 + 10*z + 6. Calculate h(c).
-19
Suppose -422*z = -424*z + 52. Let q(m) = 5*m + 24*m + 18*m - z*m + 1. What is q(-1)?
-20
Let s(a) = -4*a - 3. Let v(o) = 18 - 8 + 2*o**2 + 5 - 14*o. Let j be v(10). Let m = j - 79. Give s(m).
13
Let k = 109 - 105. Suppose 2*c - 50 = -0*x + 5*x, -5*x - 20 = k*c. Let s(h) = 6 + 8 - 3 + h. Give s(x).
3
Let u = 483 + -470. Let w(p) = p + 4 + 0 + 2 - u + 4. Suppose -x = 5*h + 22, -4*h - 11 = -2*x - 3*h. Determine w(x).
0
Let z(a) = 2*a**3 + a - 1. Let j(n) be the third derivative of 11*n**6/120 - n**5/10 + 5*n**4/24 - 4*n**3/3 - 33*n**2 + 2. Let r(v) = j(v) - 6*z(v). Give r(-6).
4
Let y = 328 + -334. Let o(n) = n - 6 - 2*n - n. Let c be o(y). Let h(l) = -l**3 + 5*l**2 + 3*l + 6. Give h(c).
-12
Let j(y) be the first derivative of -y**3/3 - y**2 + 30*y - 1087. What is j(-7)?
-5
Let o(b) be the third derivative of -b**4/3 + 2*b**3/3 + 1523*b**2. What is o(3)?
-20
Let l(y) = y**2 + y - 19. Let b(o) = -8*o**2 - 5*o + 118. Let h(f) = -b(f) - 6*l(f). Calculate h(-1).
-1
Let g(m) = m**3 - 12*m**2 - 28*m + 11. Let l be g(14). Suppose -21 + l = -2*j. Let v(f) = -3 + 26*f**2 - j*f - 12*f**2 - 12*f**2. What is v(4)?
9
Suppose -38*a + 804 = 41*a + 251. Let o(q) = 16*q - 120. Calculate o(a).
-8
Let k(l) = -2*l + 48. Let w be ((-351)/(-18))/(63/42). Determine k(w).
22
Suppose 5*o - f = 31, 2*f - 8 = -3*o + 8. Let v(d) be the third derivative of 1/24*d**4 + 5/6*d**3 + o*d**2 + 0*d + 0. Determine v(-4).
1
Suppose -15 = -3*j + 21. Suppose 2*k - 2*w - 3*w = 31, -5*k - w + 37 = 0. Let d(p) = k*p - j*p + 4 + 0 + 3*p. Calculate d(5).
-1
Let n(h) = 5*h + 2 + 71 + 3*h**2 - h**3 - 2*h**2 - 64. Calculate n(5).
-66
Let c(u) = -2*u**2 - u + 5. Let g(q) = q**2 - 1. Let i(b) = c(b) + 5*g(b). Let v be (0 + -2)/(-1 + (-9 - -11)). Calculate i(v).
14
Let y(b) = -59*b**2 - b - 16. Let s(t) = -207*t**2 - 3*t - 49. Let f(a) = -2*s(a) + 7*y(a). Determine f(3).
-8
Let u(o) = 8*o**2 + o + 8. Let h(q) = -8*q**2 - q - 7. Let f(a) = -7*h(a) - 6*u(a). Suppose y = -3*k - 7 + 2, 0 = y + 2. Calculate f(k).
8
Let b be (-2 + 22)*((-18)/8 - -5). Let d = -51 + b. Let f(c) = -c**2 + 2*c + 3. Calculate f(d).
-5
Suppose -5*u + 8 = -9*u. Let q = -125 + 127. Let g(m) = -4*m - 15 + 4*m - m + m**q + 16. Determine g(u).
7
Let l(s) be the first derivative of 4*s**2 + 30*s - 527. Give l(-3).
6
Let q(s) be the third derivative of -s**6/120 - 7*s**5/60 - s**4/12 - 7*s**3/6 - s**2. Let m be -99 + 104 - (2 + 8 - -2). Give q(m).
7
Let n(m) be the third derivative of m**6/120 + m**5/60 + 75*m**2. Let h(r) = 3*r**3 + 2*r**2 - 3*r + 1. Let o(p) = h(p) - 2*n(p). Determine o(-3).
-17
Let w(g) = 3*g + 13. Let o = -25528 - -25524. What is w(o)?
1
Let r be 9 + (-1)/((-6)/(-42)). Suppose 7*o = 2*o - 25, -2 = x + r*o. Let d(z) = -3*z + 8. Calculate d(x).
-16
Let w(i) = 305*i**3 - 12*i**2 + 17*i + 47. Let p(n) = 323*n**3 - 12*n**2 + 16*n + 46. Let o(b) = 17*p(b) - 18*w(b). Determine o(-14).
20
Let b(p) be the third derivative of 2*p - 6*p**2 + 0 + p**3 + 1/60*p**5 - 3/8*p**4. Calculate b(8).
-2
Let v(l) = 20*l**2 - l. Suppose -66 = -50*c + 44*c. Suppose 53 = c*i + 42*i. What is v(i)?
19
Let j(m) = -m**3 - 7*m**2 + 9*m - 1. Suppose 7*s - 11*s + 4*t - 8 = 0, 0 = 5*s - 4*t + 6. Let k be s/(-8) + (465/4)/(-15). Give j(k).
-9
Suppose 4*z = 5*i - 121 + 200, 2*z - 77 = 5*i. Let t(x) = 2*x**2 + 32*x - 7. Determine t(i).
-37
Let b(t) = -2*t - 5*t**2 - 213830*t**3 + t + 213831*t**3. What is b(4)?
-20
Let g be ((-16)/(-24))/((-2)/(-21)). Let l = 37 - 35. Let j(z) = z**3 + 8*z - 4*z - 8*z**2 + l*z + 5. Calculate j(g).
-2
Suppose -114 = -7*k + 19. Suppose m + 8 = 4*c, 5*c - k = -3*m + 2*m. Suppose 15 = q + m*q. Let s(j) = -j**3 + 3*j**2 - 3*j + 4. What is s(q)?
-5
Let m(u) = -5*u - 1. Let i be m(-1). Let w(j) = 0 - j**2 + 8*j + i + 2*j**2. Let d = 5302 - 5308. Calculate w(d).
-8
Let k(d) = d**3 - 2*d**2 + 11*d - 37. Let z be -13 - 17/(51/(-12)) - -14. Give k(z).
93
Let g(k) = k**2 - 14*k - 10. Let n(p) = -51 + 38*p + 5*p**2 + p**2 - 109*p. Let l be 2/(1 - 9/11). Let o(f) = l*g(f) - 2*n(f). Calculate o(-10).
12
Let c(n) = n**2 - 2*n - 10. Let m = 4390 - 4382. Calculate c(m).
38
Let t = -3242 - -3248. Let k(n) = n**3 - 9*n**2 + 3*n - 12. Determine k(t).
-102
Let r(c) = -1503 + 751 + 3*c**3 + 742 + 6*c + 4*c**2. Let a(m) = -5*m**3 - 4*m**2 - 6*m + 12. Let n(q) = -2*a(q) - 3*r(q). Give n(4).
-18
Let m(r) = r**2 - 3*r - 2. Let q be 1 - -1*6*2/4. Let a be 8*-3*q/(-24). What is m(a)?
2
Let l(f) be the first derivative of -f**4/4 + 3*f**3 + 5*f**2 + 6*f + 1761. Give l(10).
6
Suppose -2*i + 3*i + 30 = -5*u, 0 = -3*u - 3*i - 30. Let n(j) = 15*j + 76. Calculate n(u).
1
Let v = 26239 + -26256. Let z(n) = n**3 + 20*n**2 + 53*n + 31. Give z(v).
-3
Let g(v) be the third derivative of -v**6/120 - v**5/60 - v**4/6 - v**3/3 - 1553*v**2. What is g(3)?
-50
Let z(d) = -d**3 - 14*d**2 - 11*d + 18. Let p(l) = -2*l**3 + 6*l**2 - 5*l + 2. Suppose 0 = -29*s + 21*s + 24. Let q be p(s). What is z(q)?
-8
Let n(z) = z**3 + 2*z**2 - 6*z + 3. Suppose 3*l + 18 = 0, -4*l - 24 = -2*f - f. Give n(f).
3
Let o(c) = -c - 30. Let g be (-2 - (-21)/(-3)*-3)/((-16)/16). Give o(g).
-11
Let d(u) = -u - 10. Suppose 198*r + 5 = 5. Give d(r).
-10
Suppose 28*l - 76 = 30*l. Let u = 39 + l. Let a(f) = 4 - 3 - u + 9 - f**2 - f. Calculate a(0).
9
Let f(v) = -12*v**3 + 61*v**2 + 10*v - 8. Let x(j) = -2*j**3 + 11*j**2 + j - 1. Let n(b) = -f(b) + 5*x(b). Determine n(5).
78
L